d by 12?
11
Let h(p) = -7*p**2 - 2 + 3 + 14*p**2. Let d = 38 + -16. What is the remainder when d is divided by h(-1)?
6
Let h = 7 + 12. What is the remainder when 92 is divided by h?
16
Suppose 6 = 2*p, -c + 0*c + 25 = -2*p. What is the remainder when c is divided by 11?
9
Let u be 3 + 0 - -1*1. Let m(p) = 1 + 2 + 9*p + 4 - 2. Calculate the remainder when m(u) is divided by 14.
13
Suppose -8 = -2*m - 2*m. Suppose m*b = -b. Suppose 20 = 4*y - b. Calculate the remainder when y is divided by 2.
1
What is the remainder when 23 is divided by 0 + 4 - (-4 + 3 - 0)?
3
Suppose -40*t + 8*t + 192 = 0. Let d(h) = -24*h - 1. What is the remainder when d(-1) is divided by t?
5
What is the remainder when 61 is divided by 2/6*(53 + -5)?
13
Suppose h + 25 = 2*l, 2*l + 7*h - 5*h - 28 = 0. Calculate the remainder when 38 is divided by l.
12
Suppose 166 = 5*q - 14. What is the remainder when q is divided by (-2)/(-7) + (-952)/(-98)?
6
Suppose 0 = -0*p + p - 3. Suppose 124 = p*i - o - 22, -3*o = -3. What is the remainder when i is divided by 13?
10
Suppose 3*o + 26 = 446. Suppose c - o = -4*v - 2*c, -c - 156 = -5*v. What is the remainder when v is divided by 11?
10
Suppose -v - 21 = -4*v + 2*m, 4*v - 5*m = 35. Calculate the remainder when ((-28)/v)/((-6)/15) is divided by 8.
6
Let x(d) = d**2 + 2*d + 1. Let s(u) be the second derivative of u**4/12 + 2*u**3/3 - 7*u**2/2 + 2*u. Calculate the remainder when s(-6) is divided by x(-3).
1
Suppose 4*u + 4*s - 24 = 0, 2 = 2*u + 4*s - 20. Calculate the remainder when 3 is divided by u.
0
Suppose 3*x = -0 + 3. Suppose -3*l = 2*l + 10, -3*a - 7 = 5*l. Calculate the remainder when a is divided by x.
0
Let v be 6 + 3*4/(-6). Suppose v*b + 3 = b. What is the remainder when 30 is divided by b + 1 + 2 + 14?
14
Suppose 4*h + 0*h + 8 = 0, -7 = p + 5*h. Suppose -a - 4*a = 0. Suppose a = p*b - 9 - 3. What is the remainder when 6 is divided by b?
2
Let d(y) = 2*y + 3. What is the remainder when 33 is divided by d(2)?
5
Suppose 296 = 8*n - 0*n. Let c = 9 + -6. Suppose 0 = -c*z + 21 + 36. Calculate the remainder when n is divided by z.
18
What is the remainder when (-5292)/(-66) - (-8)/(-44) is divided by 21?
17
Suppose 90 = m + 2*m. Suppose m = 2*t + 3*t. Suppose 3*r - 3*g = 9 + 48, -5*g = 3*r - 41. Calculate the remainder when r is divided by t.
5
Let a = 64 - 43. Calculate the remainder when a is divided by 8.
5
Suppose 4*v = 3*i + 59, -5*v - i = -2*i - 82. Calculate the remainder when 49 is divided by v.
15
Let o(w) = w**3 - 3*w**2 - 2*w - 1. Let x = 7 - 2. Calculate the remainder when o(x) is divided by 14.
11
Let o(n) = 17*n**2 - n - 2. What is the remainder when 79 is divided by o(-1)?
15
Suppose -r + 2 + 3 = 0. What is the remainder when 23 is divided by r?
3
Let a(f) be the third derivative of -f**4/4 - f**3/6 - 7*f**2. Let u(d) = d + 1. Let p be u(-4). What is the remainder when 32 is divided by a(p)?
15
Let x = 46 - 22. Let h = x + -19. Calculate the remainder when 13 is divided by h.
3
Suppose 4*n + 77 + 139 = 0. Let y be ((-174)/4)/(4/8). Let m = n - y. Calculate the remainder when m is divided by 17.
16
What is the remainder when 37 is divided by (0 + 2/(-3))/(4/(-78))?
11
Suppose 0 = -3*n - 3*h + 6, 3*n + 2 = h - 2*h. Let b be n + (6 - 3) + 15. Calculate the remainder when (-22)/(-8) + 4/b is divided by 2.
1
Let q(m) = m**2 + 5*m - 3. Let z be q(-5). Let l = 148 - 103. What is the remainder when 8 is divided by 2/z*l/(-6)?
3
Suppose v + 4*v - 20 = 0. Suppose -v = -f - 1. Calculate the remainder when f is divided by (1 - 0)/((-1)/(-2)).
1
Suppose 4*q - 6 = 14. Let v be 18/12*(-40)/(-12). Suppose -5*s - q*j + 15 = 0, -4*s = -v*j - 48 + 9. What is the remainder when 10 is divided by s?
4
Let z(j) = -j**3 + 4*j**2 + 4*j + 1. Calculate the remainder when z(3) is divided by 12.
10
Let j(k) = 12*k**2 + 3*k - 1. Suppose 115 + 47 = 9*d. Calculate the remainder when j(2) is divided by d.
17
Let l be (-8)/32 - (-101)/4. Suppose 4*i - 9 + 1 = -2*r, -3*r - 5*i + 15 = 0. What is the remainder when 19 is divided by r/l - 33/(-5)?
5
Let j = 64 - 39. Suppose 5*y - 265 + 20 = 0. What is the remainder when y is divided by j?
24
Suppose o - 6 = -3*l + 1, -l = -o - 1. Calculate the remainder when 219/3 + o - 3 is divided by 18.
17
Let i = -11 + 14. Calculate the remainder when (2/i)/(10/555) is divided by (-4)/(-1)*(-26)/(-8).
11
Let z be (-2 - -1)/((-2)/4). Let k be (-2)/z - (-2)/1. Let x(t) = 6*t**2 + t - 1. Calculate the remainder when 17 is divided by x(k).
5
Suppose -28 = -2*i - 5*r, -5*i - 5*r + 0*r + 55 = 0. What is the remainder when (-260)/8*(8/(-10) + 0) is divided by i?
8
Suppose -7*q + 2*q = -70. Suppose -g = -43 + q. What is the remainder when g is divided by 15?
14
Let d(f) = -7*f**3 - f**2 - f. Let h be d(-1). Let b = h - 2. Suppose y - 5*y + 36 = 0. What is the remainder when y is divided by b?
4
Let g(v) = v - 2*v + v**3 + 6 + 2. What is the remainder when g(0) is divided by 3?
2
Suppose 4*s = -5*i + 188, -s = i - 3*s - 32. What is the remainder when i is divided by 20?
16
Let n(v) = v**2 - v + 3. Let i be n(4). Calculate the remainder when 47 is divided by i + -2*(-3)/6.
15
What is the remainder when ((-924)/12)/((-1)/((-1)/(-1))) is divided by 8?
5
Suppose 0 = 3*t - a - 62 + 24, 5*a = -3*t + 8. Calculate the remainder when t is divided by 4.
3
Suppose -2 = 4*d - 66. What is the remainder when 30 is divided by d?
14
Let u(h) = -2*h**3 + 2*h**2 + 2*h - 1. Let j be u(-2). Suppose -4*s - j = -3*s. What is the remainder when 26 is divided by s/(-3) + 2/3?
5
Suppose 3*l - 32 = 16. Calculate the remainder when 30 is divided by l.
14
Suppose 103 = 2*y - 3*q, y - 3*y + 109 = -5*q. What is the remainder when y is divided by 25?
22
Let p(w) = w**3 + 15*w**2 - 4*w - 22. Calculate the remainder when p(-15) is divided by 14.
10
Suppose 451 = 3*s + 5*i, -s - 3*i = -0*i - 149. Calculate the remainder when s is divided by 14.
12
Suppose 0*x - 2*x = 2. Calculate the remainder when 26 is divided by 3 - (1 - -3)*x.
5
Let m(s) = -59*s. Let x be m(-1). Suppose -4*w + 25 = -x. What is the remainder when 82 is divided by w?
19
Let j(t) = -3*t - 4 + 2 + 5*t. What is the remainder when 14 is divided by j(5)?
6
Suppose 7*m = 3*m + 32. What is the remainder when m is divided by 6?
2
Suppose -m + 106 = 31. Suppose 4*d = -5*i + 83, 34 = i + 14*d - 19*d. Calculate the remainder when m is divided by i.
18
Let n(b) = -b - 6. Let i be n(-8). Let r(x) = 5*x**2 - 2*x - 1. Let j(a) = 10*a**2 + 3*a - 3. Calculate the remainder when j(2) is divided by r(i).
13
Let t(q) = q**3 + 6*q**2 + 2*q - 7. Suppose f = 5 - 0. What is the remainder when t(-5) is divided by f?
3
Suppose 2*f = -2*f + 24. What is the remainder when 7 is divided by f?
1
Suppose 90 = 5*v - t, -t - 45 = -2*v - 6. Suppose p + 32 = 2*p. What is the remainder when p is divided by v?
15
Let g(a) = -a**2 - a. Let k be g(0). Suppose -3*l - 4*x + 25 = k, -3*l - l + 25 = -3*x. Calculate the remainder when l is divided by 5.
2
Let f(z) = z**2 - 7*z + 2. What is the remainder when 79 is divided by f(9)?
19
Let t(m) = m**3 - 2*m**2 - 5*m - 2. Suppose -7 = 5*v + 2*u, -2*v - 3*u - 3 = 2. What is the remainder when t(4) is divided by 5 - v/(-4 - -3)?
2
Let c = -30 + 42. What is the remainder when 35 is divided by c?
11
Let i(m) = -m**2 + 11*m + 16. Let a be i(12). Suppose -28 = a*d - 72. Let c(b) = -b**3 - 5*b**2 - 5*b + 2. What is the remainder when d is divided by c(-4)?
5
What is the remainder when 33 is divided by 2/(((-40)/85)/(-4))?
16
Let h = 46 + -29. Let w = 47 + 2. Calculate the remainder when w is divided by h.
15
Suppose -3*l = -4*l + 10. Calculate the remainder when 17 is divided by l.
7
Suppose 7*x - 2*x = 280. Let r = -40 + x. Calculate the remainder when r is divided by 17/3 - 4/(-12).
4
Let f be (-59)/(-2) + 1/(-2). Let w = f + 5. Let s = 48 + -30. What is the remainder when w is divided by s?
16
Let x(j) = 6*j - 2. Let g be x(-2). Let w(k) = -k**2 - 11*k + 2. Let m be w(-8). Let s = m + g. What is the remainder when 22 is divided by s?
10
Let t(s) = -s**3 - s**2 - s - 1. Suppose 2*p - 8 = b + 4, -5*p + 4*b + 27 = 0. Suppose p*c - 40 = 2*c. What is the remainder when c is divided by t(-2)?
3
Suppose -13 = 3*j + 5*n - 38, 4*j = -4*n + 28. Calculate the remainder when 22 is divided by j.
2
L